{"id":10252,"date":"2022-12-15T10:07:01","date_gmt":"2022-12-15T13:07:01","guid":{"rendered":"https:\/\/herospark.com\/blog\/?page_id=10252"},"modified":"2025-04-23T09:05:13","modified_gmt":"2025-04-23T12:05:13","slug":"coprodutor-o-que-e-e-como-se-tornar-um-guia","status":"publish","type":"page","link":"https:\/\/herospark.com\/blog\/coprodutor\/","title":{"rendered":"Coprodutor: o que \u00e9 e como se tornar um? [GUIA]"},"content":{"rendered":"\n<p>Existem diversas oportunidades para empreender no mercado digital ou apenas garantir uma renda extra, e uma delas \u00e9 se tornando um coprodutor.&nbsp;<\/p>\n\n\n\n<p>Neste artigo, voc\u00ea vai descobrir tudo sobre o trabalho de coprodutor, conhecer os benef\u00edcios dessa profiss\u00e3o e ainda conferir dicas de como se tornar um.&nbsp;<\/p>\n\n\n\n<p>Quer saber mais? Ent\u00e3o continue a leitura!&nbsp;<\/p>\n\n\n\n<h2 class=\"wp-block-heading\">O que \u00e9 ser coprodutor?<\/h2>\n\n\n\n<p>O coprodutor \u00e9 o profissional que <strong>participa da cria\u00e7\u00e3o de um infoproduto ou de etapas do seu lan\u00e7amento<\/strong>, oferecendo a expertise sobre \u00e1reas nas quais possui mais dom\u00ednio do que o outro parceiro.&nbsp;<\/p>\n\n\n\n<p><strong>Saiba mais detalhes sobre o que \u00e9 ser coprodutor:<\/strong><\/p>\n\n\n\n<div class=\"wp-block-buttons is-layout-flex wp-block-buttons-is-layout-flex\">\n<div class=\"wp-block-button\"><a class=\"wp-block-button__link wp-element-button\" href=\"https:\/\/herospark.com\/blog\/coproducao\/\" target=\"_blank\" rel=\"noreferrer noopener\">Como criar um neg\u00f3cio digital em parceria \u2197<\/a><\/div>\n<\/div>\n\n\n\n<h2 class=\"wp-block-heading\">Quais os benef\u00edcios de ser coprodutor?<\/h2>\n\n\n\n<p>Se tornar um coprodutor oferece grandes vantagens. A primeira delas \u00e9 a <strong>flexibilidade<\/strong>, j\u00e1 que \u00e9 poss\u00edvel trabalhar de qualquer lugar com acesso a internet.&nbsp;<\/p>\n\n\n\n<p>Mas, al\u00e9m disso, outros benef\u00edcios de ser coprodutor s\u00e3o:<\/p>\n\n\n\n<ul class=\"wp-block-list\">\n<li>Baixo risco;<\/li>\n\n\n\n<li>Foco na sua expertise;<\/li>\n\n\n\n<li>Lan\u00e7amentos mais r\u00e1pidos.&nbsp;<\/li>\n<\/ul>\n\n\n\n<p>Vale dizer tamb\u00e9m que trabalhar como coprodutor <strong>n\u00e3o requer alto investimento<\/strong> com infraestrutura e distribui\u00e7\u00e3o, o que torna esse modelo de neg\u00f3cio ainda mais atrativo.&nbsp;&nbsp;<\/p>\n\n\n\n<h2 class=\"wp-block-heading\">Quais s\u00e3o as atribui\u00e7\u00f5es de um coprodutor?<\/h2>\n\n\n\n<p>O trabalho de coprodutor tem nas suas atribui\u00e7\u00f5es uma grande vantagem. Afinal, as responsabilidades na cria\u00e7\u00e3o e gest\u00e3o do produto digital s\u00e3o compartilhadas.&nbsp;<\/p>\n\n\n\n<p>Assim, \u00e9 comum que os profissionais compartilhem as tarefas levando em considera\u00e7\u00e3o a expertise de cada um.&nbsp;<\/p>\n\n\n\n<p>Entre as principais e poss\u00edveis atribui\u00e7\u00f5es de um coprodutor, podemos citar:<\/p>\n\n\n\n<ul class=\"wp-block-list\">\n<li>Gest\u00e3o financeira;<\/li>\n\n\n\n<li>Gest\u00e3o de tr\u00e1fego;<\/li>\n\n\n\n<li>Gerenciamento de lan\u00e7amento;<\/li>\n\n\n\n<li>Atendimento aos clientes;<\/li>\n\n\n\n<li>Acompanhamento das m\u00e9tricas;<\/li>\n\n\n\n<li>Entre outras.&nbsp;<\/li>\n<\/ul>\n\n\n\n<p><strong>Conhe\u00e7a algumas das principais tarefas de um coprodutor:<\/strong><\/p>\n\n\n\n<div class=\"wp-block-columns is-layout-flex wp-container-core-columns-is-layout-9d6595d7 wp-block-columns-is-layout-flex\">\n<div class=\"wp-block-column is-layout-flow wp-block-column-is-layout-flow\">\n<div class=\"wp-block-buttons is-layout-flex wp-block-buttons-is-layout-flex\">\n<div class=\"wp-block-button\"><a class=\"wp-block-button__link wp-element-button\" href=\"https:\/\/herospark.com\/blog\/trafego-pago-como-funciona\/\" target=\"_blank\" rel=\"noreferrer noopener\">Tr\u00e1fego pago \u2197<\/a><\/div>\n<\/div>\n<\/div>\n\n\n\n<div class=\"wp-block-column is-layout-flow wp-block-column-is-layout-flow\">\n<div class=\"wp-block-buttons is-layout-flex wp-block-buttons-is-layout-flex\">\n<div class=\"wp-block-button\"><a class=\"wp-block-button__link wp-element-button\" href=\"https:\/\/herospark.com\/blog\/agencia-de-lancamento\/\" target=\"_blank\" rel=\"noreferrer noopener\">Conhe\u00e7a o papel de uma ag\u00eancia de lan\u00e7amento \u2197<\/a><\/div>\n<\/div>\n<\/div>\n\n\n\n<div class=\"wp-block-column is-layout-flow wp-block-column-is-layout-flow\">\n<div class=\"wp-block-buttons is-layout-flex wp-block-buttons-is-layout-flex\">\n<div class=\"wp-block-button\"><a class=\"wp-block-button__link wp-element-button\" href=\"https:\/\/herospark.com\/blog\/planejamento-financeiro\/\" target=\"_blank\" rel=\"noreferrer noopener\">Passo a passo para um planejamento financeiro \u2197<\/a><\/div>\n<\/div>\n<\/div>\n<\/div>\n\n\n\n<h2 class=\"wp-block-heading\">Qual a diferen\u00e7a entre afiliado e coprodutor?<\/h2>\n\n\n\n<p>Mesmo quem tem mais conhecimento sobre o mercado digital, \u00e0s vezes pode confundir as atribui\u00e7\u00f5es de coprodutores e afiliados. Mas a diferen\u00e7a \u00e9 bem simples!<\/p>\n\n\n\n<p>Enquanto o coprodutor compartilha a cria\u00e7\u00e3o e\/ou gest\u00e3o de um produto digital, <strong>o afiliado tem como principal atividade a divulga\u00e7\u00e3o<\/strong> de produtos aos quais se afilia.<\/p>\n\n\n\n<p>Vale dizer que a forma de remunera\u00e7\u00e3o de um afiliado \u00e9 uma porcentagem predefinida em cima da venda de cada produto a partir do seu link exclusivo.&nbsp;<\/p>\n\n\n\n<p><strong>Descubra mais caracter\u00edsticas sobre o trabalho como afiliado!<\/strong><\/p>\n\n\n\n<div class=\"wp-block-buttons is-layout-flex wp-block-buttons-is-layout-flex\">\n<div class=\"wp-block-button\"><a class=\"wp-block-button__link wp-element-button\" href=\"https:\/\/herospark.com\/blog\/programa-de-afiliados\/\" target=\"_blank\" rel=\"noreferrer noopener\">Manual sobre programa de afiliados para ganhar dinheiro \u2197<\/a><\/div>\n<\/div>\n\n\n\n<h2 class=\"wp-block-heading\">Como se tornar um coprodutor?<\/h2>\n\n\n\n<p>Para trabalhar como coprodutor o primeiro passo \u00e9 <strong>estudar bem o mercado e escolher um nicho para atuar<\/strong>. Isso favorece a assertividade na hora de criar um infoproduto e montar uma campanha de lan\u00e7amento.&nbsp;<\/p>\n\n\n\n<p>Tamb\u00e9m \u00e9 muito importante buscar um parceiro que possa colaborar nesse lan\u00e7amento, de prefer\u00eancia algu\u00e9m que possa contribuir com uma habilidade que voc\u00ea n\u00e3o domine.&nbsp;<\/p>\n\n\n\n<h2 class=\"wp-block-heading\">Quanto ganha um coprodutor?<\/h2>\n\n\n\n<p>Os ganhos de um coprodutor est\u00e3o atrelados \u00e0<strong> porcentagem definida na hora do acordo com o infoprodutor.&nbsp;<\/strong><\/p>\n\n\n\n<p>Se os ganhos totais com as vendas for de R$100.000 e o acordo foi de uma participa\u00e7\u00e3o de 40%, por exemplo, o coprodutor pode faturar R$40.000.<\/p>\n\n\n\n<p>Agora que voc\u00ea conhece o potencial da coprodu\u00e7\u00e3o no mercado digital, que tal come\u00e7ar a sua jornada de coprodutor e ter acesso a todos os benef\u00edcios desse modelo de neg\u00f3cio?<\/p>\n\n\n\n<p>Ent\u00e3o <strong>se torne coprodutor com todo o suporte da HeroSpark!<\/strong>&nbsp;<\/p>\n\n\n\n<p>Com a plataforma da Hero voc\u00ea garante a aprova\u00e7\u00e3o imediata dos seus produtos e ainda tem acesso aos melhores recursos para acelerar seus resultado, como:<\/p>\n\n\n\n<ul class=\"wp-block-list\">\n<li>Funil de vendas automatizado;<\/li>\n\n\n\n<li>Gest\u00e3o de comissionamento;<\/li>\n\n\n\n<li>Taxas atrativas;<\/li>\n\n\n\n<li>Ferramentas de cria\u00e7\u00e3o de campanhas de marketing digital.<\/li>\n<\/ul>\n\n\n\n<p>Portanto, <a href=\"https:\/\/app.herospark.com\/sign-up\">cadastre-se na HeroSpark<\/a> hoje mesmo!<\/p>\n","protected":false},"excerpt":{"rendered":"Existem diversas oportunidades para empreender no mercado digital ou apenas garantir uma renda extra, e uma delas &eacute; se tornando um coprodutor.&nbsp; Neste artigo, voc&ecirc; vai descobrir tudo sobre o&hellip;\n","protected":false},"author":63,"featured_media":0,"parent":0,"menu_order":0,"comment_status":"closed","ping_status":"closed","template":"","meta":{"content-type":"","_uag_custom_page_level_css":"","footnotes":""},"yst_prominent_words":[305,1774,1289,68,747,1937,318,2260,327,371,323],"class_list":["post-10252","page","type-page","status-publish"],"acf":[],"uagb_featured_image_src":{"full":false,"thumbnail":false,"medium":false,"medium_large":false,"large":false,"1536x1536":false,"2048x2048":false,"pk-small":false,"pk-thumbnail":false,"cs-small":false,"cs-intermediate":false,"cs-thumbnail":false,"cs-thumbnail-uncropped":false,"cs-medium":false,"cs-large":false,"web-stories-poster-portrait":false,"web-stories-publisher-logo":false,"web-stories-thumbnail":false},"uagb_author_info":{"display_name":"Nilson Filatieri","author_link":"https:\/\/herospark.com\/blog\/author\/nilson\/"},"uagb_comment_info":0,"uagb_excerpt":"Existem diversas oportunidades para empreender no mercado digital ou apenas garantir uma renda extra, e uma delas &eacute; se tornando um coprodutor.&nbsp; Neste artigo, voc&ecirc; vai descobrir tudo sobre o&hellip;","yoast_head":"<!-- This site is optimized with the Yoast SEO Premium plugin v14.3 - https:\/\/yoast.com\/wordpress\/plugins\/seo\/ -->\n<title>Coprodutor: o que \u00e9 e como se tornar um? [GUIA] | HeroSpark Blog<\/title>\n<meta name=\"robots\" content=\"index, follow\" \/>\n<meta name=\"googlebot\" content=\"index, follow, max-snippet:-1, max-image-preview:large, max-video-preview:-1\" \/>\n<meta name=\"bingbot\" content=\"index, follow, max-snippet:-1, max-image-preview:large, max-video-preview:-1\" \/>\n<link rel=\"canonical\" href=\"https:\/\/herospark.com\/blog\/coprodutor\/\" \/>\n<meta property=\"og:locale\" content=\"pt_BR\" \/>\n<meta property=\"og:type\" content=\"article\" \/>\n<meta property=\"og:title\" content=\"Coprodutor: o que \u00e9 e como se tornar um? [GUIA] | HeroSpark Blog\" \/>\n<meta property=\"og:description\" content=\"Existem diversas oportunidades para empreender no mercado digital ou apenas garantir uma renda extra, e uma delas &eacute; se tornando um coprodutor.&nbsp; Neste artigo, voc&ecirc; vai descobrir tudo sobre o&hellip;\" \/>\n<meta property=\"og:url\" content=\"https:\/\/herospark.com\/blog\/coprodutor\/\" \/>\n<meta property=\"og:site_name\" content=\"HeroSpark Blog\" \/>\n<meta property=\"article:modified_time\" content=\"2025-04-23T12:05:13+00:00\" \/>\n<meta name=\"twitter:card\" content=\"summary_large_image\" \/>\n<!-- \/ Yoast SEO Premium plugin. -->","amp_enabled":true,"_links":{"self":[{"href":"https:\/\/herospark.com\/blog\/wp-json\/wp\/v2\/pages\/10252","targetHints":{"allow":["GET"]}}],"collection":[{"href":"https:\/\/herospark.com\/blog\/wp-json\/wp\/v2\/pages"}],"about":[{"href":"https:\/\/herospark.com\/blog\/wp-json\/wp\/v2\/types\/page"}],"author":[{"embeddable":true,"href":"https:\/\/herospark.com\/blog\/wp-json\/wp\/v2\/users\/63"}],"replies":[{"embeddable":true,"href":"https:\/\/herospark.com\/blog\/wp-json\/wp\/v2\/comments?post=10252"}],"version-history":[{"count":0,"href":"https:\/\/herospark.com\/blog\/wp-json\/wp\/v2\/pages\/10252\/revisions"}],"wp:attachment":[{"href":"https:\/\/herospark.com\/blog\/wp-json\/wp\/v2\/media?parent=10252"}],"wp:term":[{"taxonomy":"yst_prominent_words","embeddable":true,"href":"https:\/\/herospark.com\/blog\/wp-json\/wp\/v2\/yst_prominent_words?post=10252"}],"curies":[{"name":"wp","href":"https:\/\/api.w.org\/{rel}","templated":true}]}}